-- https://www.phpmyadmin.net/
--

START TRANSACTION;



--
-- Database: `bebo_bdd`
--

-- --------------------------------------------------------

--
-- Table structure for table `astuce`
--

CREATE TABLE `astuce` (
  `id_astuce` int(11) NOT NULL,
  `titre` varchar(100) NOT NULL,
  `astuce` text NOT NULL,
  `src` text NOT NULL,
  `id_categorie` int(11) NOT NULL,
  `ext_sscat` int(11) NOT NULL
) ENGINE=MyISAM DEFAULT CHARSET=latin1;

--
-- Dumping data for table `astuce`
--

INSERT INTO `astuce` (`id_astuce`, `titre`, `astuce`, `src`, `id_categorie`, `ext_sscat`) VALUES
(1, 'Astuce', 'Bercer le bébé en marchant, en l\'étreignant dans vos bras pour qu’il s’endorme plus facilement.\r\n', 'http://bebeblabla.fr/52-astuces-calmer-bebe-qui-pleure/\r\n', 1, 1),
(2, 'Conseil', 'Acheter directement une grande gigoteuse.', 'Maman', 1, 1),
(3, 'Conseil', 'Donner une boisson ou un aliment connu pour ses vertus calmantes et apaisantes avant qu’il aille dormir pour le sortir de la turbulence de la journée.\r\n', 'https://www.aufeminin.com/bebe/remede-grand-mere-pour-bebe-s2207664.html\r\n', 1, 1),
(4, 'Astuce', 'S’il ne fait pas sa sieste, faites un tour en poussette ', 'http://bebeblabla.fr/52-astuces-calmer-bebe-qui-pleure/\r\n', 1, 2),
(5, 'Astuce', 'Mettez une bouillotte tiède sur le ventre de votre bébé', 'http://bebeblabla.fr/52-astuces-calmer-bebe-qui-pleure/', 5, 3),
(6, 'Astuce', 'Masser le ventre dans le sens des aiguilles d’une montre', 'http://bebeblabla.fr/52-astuces-calmer-bebe-qui-pleure/\r\n', 5, 3),
(7, 'Astuce', 'En cas de diarrhée, utiliser l’eau de cuisson du riz pour le biberon', 'Maman', 5, 3),
(8, 'Astuce', 'Faire mordiller du parmesan permet de soulager les poussées dentaires douloureuses', 'https://www.aufeminin.com/bebe/remede-grand-mere-pour-bebe-s2207664.html', 5, 4),
(9, 'Astuce', 'Mettre un linge humide sur son front en cas de maux de têt', 'https://www.devenirgrand.com/migraine-enfant/', 5, 5),
(10, 'Conseil', 'Mettre le bébé dans un endroit calme en ayant baisser la luminosité de la pièce', 'https://www.devenirgrand.com/migraine-enfant/\r\n', 5, 5),
(11, 'Conseil', 'Rincer la bouche du bébé après toute prise de médicament, pour éviter les caries à cause du sucre contenu dedans.', 'https://www.cliniquehygienedentaire.ch/conseils-pour-les-nourrissons/', 6, 6),
(12, 'Astuce', 'Si votre bébé a plus de 6 mois, humidifier un gant de toilette propre avec de l’eau froide pour le laisser mordre.', 'https://www.grands-meres.net/poussee-dentaire-de-bebe-astuces/', 6, 6),
(13, 'Conseil', 'Pour nettoyer les fesses de bébé, pensez tout simplement au liniment : c’est un produit à bas prix et 100% naturel.', 'Recommandé par les mamans !\r\n\r\nhttps://www.aufeminin.com/bebe/remede-grand-mere-pour-bebe-s2207664.html', 6, 7),
(14, 'Astuce', 'Privilégier le lait démêlant à l’après shampoing pour ne pas abîmer le cheveux.', 'https://www.magicmaman.com/,cheveux-enfant-7-tips-a-connaitre-pour-en-prendre-soin-comme-une-pro,3247049.asp', 6, 8),
(15, 'Conseil', 'Le laisser marcher pieds nus, permet au bébé de prendre l’équilibre plus facilement.', 'https://www.bledina.com/en-avant-marche/', 4, 9);

-- --------------------------------------------------------

--
-- Table structure for table `categorie`
--

CREATE TABLE `categorie` (
  `id_categorie` int(11) NOT NULL,
  `titrecat` varchar(20) NOT NULL,
  `photocat` varchar(50) NOT NULL
) ENGINE=MyISAM DEFAULT CHARSET=latin1;

--
-- Dumping data for table `categorie`
--

INSERT INTO `categorie` (`id_categorie`, `titrecat`, `photocat`) VALUES
(1, 'sommeil', 'img/sommeil-bebe.png'),
(2, 'caprice', 'img/caprices-bebe.png'),
(3, 'nutrition', 'img/alimentation-bebe.png'),
(4, 'motricite', 'img/premierpas-bebe.png'),
(5, 'douleur', 'img/douleur-bebe.png'),
(6, 'soin', 'img/soins-bebe.png');

-- --------------------------------------------------------

--
-- Table structure for table `contenu`
--

CREATE TABLE `contenu` (
  `id_content` int(11) NOT NULL,
  `titre` varchar(255) NOT NULL,
  `content` text NOT NULL,
  `ext_astuce` int(11) NOT NULL
) ENGINE=MyISAM DEFAULT CHARSET=latin1;

--
-- Dumping data for table `contenu`
--

INSERT INTO `contenu` (`id_content`, `titre`, `content`, `ext_astuce`) VALUES
(1, 'Astuce', 'Tu as peut-être du mal à faire s’endormir ton bébé : essaie donc de le bercer de manière naturelle en le gardant dans tes bras. En effet, le garder contre toi lui procurera de la chaleur qui l’aidera plus facilement à s’endormir.\r\n\r\nPour cela, il faut que le bercement soit doux, régulier et répétitif. Commence à marcher tout doucement. Les vibrations de tes pas peuvent avoir un effet calmant.\r\n\r\n\r\nCependant il peut s’avérer très difficile de réaliser ces mouvements calmes lorsqu’on est tendu. Les mouvements peuvent alors être saccadés et ils n’aideront alors pas l’enfant à s’endormir.\r\nIl est donc conseillé sur le long terme d’habituer le bébé à s’endormir seul.\r\nPrivilégie le faire dormir auprès de toi, dans ton lit. Le bébé sera alors entre les parents.\r\n', 1),
(2, 'Conseil', 'Ton enfant s’est bien amusé durant la journée et refuse d’aller dormir car il est encore plein d’énergie. Tu ne sais pas forcément comment le calmer sans l’énerver. \r\nTu devrais essayer de lui donner une boisson calmante. \r\n\r\nLa tisane de fleurs d’oranger est connue pour ses vertues apaisantes. \r\nVerses-en deux cuillères dans un biberon rempli d\'eau chaude.\r\n\r\nSi tu ne trouves pas de tisane de fleur d’oranger, tu peux opter pour du miel dans du lait.\r\nEn effet, ajoute une cuillère de miel dans du lait chaud. Cela fera son effet en termes d’aide au sommeil.\r\n', 3),
(3, 'Conseil', 'Tu ne veux pas que ton enfant aie trop chaud, mais pas trop froid non plus? Optes pour une grande gigoteuse ! \r\nEn effet, il est conseillé de n’utiliser ni oreiller, ni couvertures pour ton bébé lorsqu’il s’apprête à dormir, pour ne pas bloquer ses mouvements.\r\nIl existe plusieurs épaisseurs de gigoteuses pour différentes plages de températures. Ces épaisseurs sont calculées grâce au tog, une unité de mesure de résistance thermique. Ainsi, plus le tog est élevé, plus la gigoteuse tiendra chaud.\r\nEn été, il est courant de le faire dormir avec seulement un body, mais il risque de se réveiller si l’air se rafraîchit. Opte alors pour une gigoteuse légère même dans des températures plus qu’ambiantes.\r\n', 2),
(4, 'Astuce', 'Calmer les coliques d’un bébé n’est pas aussi simple que ça. Il faut à la fois atténuer ses douleurs, et lui apporter du confort pour le calmer. Mais lui apporter de la chaleur peut lui conférer les deux.\r\n\r\nEn effet la chaleur peut être une bonne source de confort et soulager ses soulager ses douleurs. Mais attention ! Elle ne doit pas être trop chaude, car cela risque de le brûler.\r\n\r\nSi cela ne marche pas, essaie avec une bouillotte froide. Les deux variantes peuvent fonctionner, tout dépend de la douleur, et bien-sûr de l’enfant.\r\n\r\nIl est recommandé de réaliser ceci après les repas de l’enfant pour une bonne efficacité.\r\n', 5),
(5, 'Astuce', 'Tout comme l’adulte, ton bébé peut se déshydrater suite à une évacuation de selles liquides. Cela peut s’avérer dangereux. Il faut donc trouver une méthode simple et efficace pour freiner cet écoulement.\r\nIl est conseillé en cas de diarrhée de privilégier les féculents raffinés tels que le riz et les pâtes. Mais le problème est que ton bébé ne peut pas les consommer.\r\nIl faut donc trouver une solution…\r\nLa seule solution possible est d’utiliser l’eau de cuisson du riz.\r\nEn plus de fournir un apport d’eau, de chlorure de sodium et de potassium perdus à cause de la diarrhée, l’eau de riz agit comme anti-sécrétoire au niveau des intestins.\r\nPour préparer cette eau, fais bouillir du riz dans une casserole pendant 30 minutes. Le but étant de limiter l’évaporation de l’eau, il est recommandé de mettre un couvercle. Filtre l’eau dans le biberon et attend qu’elle refroidisse avant de le donner à ton bébé.\r\nSi ton enfant a dépassé la période d’allaitement recommandée, ne pas hésiter à donner des compotes à ton enfant car celles-ci sont pauvres en fibres. Les aliments pauvres en fibres sont à privilégier lors d’un régime anti-diarrhée.\r\n', 7),
(6, 'Conseil', 'Le développement dentaire est une période très important chez l’enfant. Il peut se révéler très difficile pour l’enfant d’avoir une bonne hygiène si cette étape est prise à la légère durant les premiers mois. En grandissant, cela peut même mener jusqu’à une intervention orthodontique, voire chirurgicale.\r\nIl est donc important de prendre soin de l’hygiène buccale de ton bébé dès maintenant.\r\nTu te dis sûrement : « Mais mon bébé ne manges pas de bonbons, je ne vois pas ce qui peut poser problème ?\r\nTu te trompes ! Ton enfant doit sûrement prendre des médicaments qui contiennent du sucre.\r\nPour éviter la formation de caries, il faut impérativement rincer la bouche de ton bébé après la prise de médicaments.\r\nDe plus, les compotes qu’il peut prendre contiennent du sucres également. Il est aussi très fortement conseillé d’éviter tout(e) aliment et boisson sucrés. Tout cela favorise aussi l’apparition de caries chez l’enfant.\r\nIl est donc important de nettoyer la bouche de l’enfant de façon régulière, et notamment après l’ingestion d’un aliment ou d’une boisson.\r\n', 11),
(7, 'Astuce', 'L’hygiène bucco-dentaire étant un aspect très important, il faut trouver un moyen simple et efficace pour le mettre en place. En effet tous les enfants n’aiment rester statique lorsqu’on intervient pour les laver.\r\nIl existe une astuce simple : le gant de toilette !\r\nEn effet il est possible de nettoyer l’intérieur de la bouche de ton enfant avec un gant de toilette propre. \r\nSi ton bébé se débat beaucoup, mouille le gant à l’eau froide et le laisse le mordiller pendant quelques minutes. Il est cependant préférable que tu fasses le nettoyage buccale car tu pourras plus facilement enlever les dépôts et les bactéries.\r\nDès que sa première dent apparaît, il faut opter pour une brosse à dent et du dentifrice. Des poils souples sont nécessaires et un peu de dentifrice suffit.\r\nIl faut donc régulièrement changé la brosse à dent au risque d’avoir des poils contaminés ou courbés.\r\n', 12),
(8, 'Conseil', 'Pour que l’enfant puisse découvrir ses pieds, déchausse le ! N’ai crainte, nous n’attrapons pas froid par les pieds contrairement à ce que l’on pourrait croire. Il faut lui donner le temps de découvrir ses pieds en jouant avec pour qu’il comprenne que ce sont des parties de son corps à part entière.\r\n\r\nCela aidera l’enfant à développer son équilibre et à être plus stable sur ses deux pieds quand il essaiera de se tenir debout. Dans les chaussures le pied est enfermé et ne peut pas se développer et se muscler correctement. Quand le bébé joue avec ses pieds et apprend à les connaître, les capteurs sensoriels situés dans la plantes des pieds lui permettront de travailler sa stabilité\r\n\r\nC’est valable à tout âge : marcher pied nu renforce votre pied : il deviendra plus fort que jamais !\r\n', 15);

-- --------------------------------------------------------

--
-- Table structure for table `photo`
--

CREATE TABLE `photo` (
  `id_photo` int(11) NOT NULL,
  `pdp` varchar(40) NOT NULL
) ENGINE=MyISAM DEFAULT CHARSET=latin1;

--
-- Dumping data for table `photo`
--

INSERT INTO `photo` (`id_photo`, `pdp`) VALUES
(1, 'aaa.jpg'),
(2, 'bbb.jpg'),
(3, 'ccc.jpg'),
(4, 'ddd.jpg');

-- --------------------------------------------------------

--
-- Table structure for table `reponse`
--

CREATE TABLE `reponse` (
  `id_reponse` int(11) NOT NULL,
  `msg` text NOT NULL,
  `ext_topic` int(11) NOT NULL,
  `ext_repmembre` int(11) NOT NULL
) ENGINE=MyISAM DEFAULT CHARSET=latin1;

--
-- Dumping data for table `reponse`
--

INSERT INTO `reponse` (`id_reponse`, `msg`, `ext_topic`, `ext_repmembre`) VALUES
(1, 'Ceci est la réponse au topic : Insomnie', 1, 1),
(2, 'Ceci est la réponse au topic : sommeil', 3, 2),
(3, 'Ceci est encore une réponse au topic : Insomnie', 1, 2),
(4, 'Ceci concerne le topic : Pleure', 2, 1),
(5, 'Ceci concerne le topic : il ne sais pas marcher', 6, 2),
(6, 'l;k,jnhbgvfcdxswq', 25, 20);

-- --------------------------------------------------------

--
-- Table structure for table `sscat`
--

CREATE TABLE `sscat` (
  `id_sscat` int(11) NOT NULL,
  `titresscat` varchar(50) NOT NULL,
  `photosscat` varchar(50) NOT NULL,
  `ext_categorie` int(11) NOT NULL
) ENGINE=MyISAM DEFAULT CHARSET=latin1;

--
-- Dumping data for table `sscat`
--

INSERT INTO `sscat` (`id_sscat`, `titresscat`, `photosscat`, `ext_categorie`) VALUES
(1, 'Nuit', '', 1),
(2, 'Sieste', '', 1),
(3, 'Ventre', '', 5),
(4, 'Dentaire', '', 5),
(5, 'Maux de tête', '', 5),
(6, 'Dentaire', '', 6),
(7, 'Peau', '', 6),
(8, 'Cheveux', '', 6),
(9, 'Premiers pas', '', 4);

-- --------------------------------------------------------

--
-- Table structure for table `topic`
--

CREATE TABLE `topic` (
  `id_topic` int(11) NOT NULL,
  `titretop` varchar(60) NOT NULL,
  `msgtop` text NOT NULL,
  `ext_categorie` int(11) NOT NULL,
  `ext_membre` int(11) NOT NULL
) ENGINE=MyISAM DEFAULT CHARSET=latin1;

--
-- Dumping data for table `topic`
--

INSERT INTO `topic` (`id_topic`, `titretop`, `msgtop`, `ext_categorie`, `ext_membre`) VALUES
(1, 'Insomnie', 'Concerne l\'insomnie\r\n\r\n', 1, 3),
(2, 'Pleure ', 'Concerne les pleures\r\n ', 2, 2),
(3, 'Sommeil ', 'Concerne le sommeil', 1, 1),
(4, 'Il pleure encore', 'Concerne les pleures aussi', 2, 4),
(5, 'Il ne mange pas', 'Concerne la nutrition', 3, 3),
(6, 'Il ne sais pas marcher', 'Ceci concerne la catégorie : motricité', 4, 4),
(24, 'lokjhgfr', 'lokijuhytgfr', 5, 20),
(25, 'mlkjhgfds', 'mlkjhgfd', 6, 20);

--
-- Indexes for dumped tables
--

--
-- Indexes for table `astuce`
--
ALTER TABLE `astuce`
  ADD PRIMARY KEY (`id_astuce`);

--
-- Indexes for table `categorie`
--
ALTER TABLE `categorie`
  ADD PRIMARY KEY (`id_categorie`);

--
-- Indexes for table `contenu`
--
ALTER TABLE `contenu`
  ADD PRIMARY KEY (`id_content`);

--
-- Indexes for table `photo`
--
ALTER TABLE `photo`
  ADD PRIMARY KEY (`id_photo`);

--
-- Indexes for table `reponse`
--
ALTER TABLE `reponse`
  ADD PRIMARY KEY (`id_reponse`);

--
-- Indexes for table `sscat`
--
ALTER TABLE `sscat`
  ADD PRIMARY KEY (`id_sscat`);

--
-- Indexes for table `topic`
--
ALTER TABLE `topic`
  ADD PRIMARY KEY (`id_topic`);

--
-- AUTO_INCREMENT for dumped tables
--

--
-- AUTO_INCREMENT for table `astuce`
--
ALTER TABLE `astuce`
  MODIFY `id_astuce` int(11) NOT NULL AUTO_INCREMENT, AUTO_INCREMENT=16;

--
-- AUTO_INCREMENT for table `contenu`
--
ALTER TABLE `contenu`
  MODIFY `id_content` int(11) NOT NULL AUTO_INCREMENT, AUTO_INCREMENT=9;

--
-- AUTO_INCREMENT for table `photo`
--
ALTER TABLE `photo`
  MODIFY `id_photo` int(11) NOT NULL AUTO_INCREMENT, AUTO_INCREMENT=5;

--
-- AUTO_INCREMENT for table `reponse`
--
ALTER TABLE `reponse`
  MODIFY `id_reponse` int(11) NOT NULL AUTO_INCREMENT, AUTO_INCREMENT=7;

--
-- AUTO_INCREMENT for table `sscat`
--
ALTER TABLE `sscat`
  MODIFY `id_sscat` int(11) NOT NULL AUTO_INCREMENT, AUTO_INCREMENT=10;

--
-- AUTO_INCREMENT for table `topic`
--
ALTER TABLE `topic`
  MODIFY `id_topic` int(11) NOT NULL AUTO_INCREMENT, AUTO_INCREMENT=26;
COMMIT;

